e
Is 3431839 composite?
True
Is 814790793 prime?
False
Is 85549 composite?
False
Is 335729797 a composite number?
True
Is 1579051 a composite number?
False
Is 26167553 a prime number?
False
Is 73879241 a prime number?
True
Is 23938685 prime?
False
Is 1269721 a composite number?
True
Is 565919479 prime?
True
Is 417461 composite?
True
Is 3457217 a prime number?
True
Is 7128077 prime?
False
Is 2142689 composite?
True
Is 2491633 a prime number?
False
Is 61635517 composite?
False
Is 399881773 a composite number?
True
Is 67511383 composite?
False
Is 6247727 a composite number?
False
Is 37287421 a prime number?
True
Is 3726179 a composite number?
True
Is 132351871 a prime number?
True
Is 145027991 composite?
False
Is 6418349 a prime number?
False
Is 3702833 prime?
False
Is 380647 a prime number?
False
Is 1059479 composite?
False
Is 651097307 prime?
False
Is 1246901 composite?
True
Is 1146689 prime?
False
Is 7042733 composite?
True
Is 118514945 a composite number?
True
Is 33210371 a composite number?
False
Is 701954189 prime?
True
Is 62044789 a prime number?
False
Is 85797347 prime?
True
Is 2356261 composite?
True
Is 7476133 a composite number?
True
Is 782371 composite?
False
Is 775225849 a composite number?
True
Is 189801763 a composite number?
False
Is 405269 a composite number?
False
Is 7253399 a prime number?
True
Is 11114843 prime?
True
Is 18548593 a prime number?
False
Is 2655851 composite?
True
Is 13943539 prime?
False
Is 110408003 a composite number?
False
Is 77877479 a prime number?
True
Is 5848259 a prime number?
True
Is 50513789 prime?
False
Is 65878727 composite?
False
Is 400669 a prime number?
False
Is 265957 a prime number?
True
Is 447319259 a composite number?
False
Is 10098041 composite?
True
Is 16192193 a composite number?
False
Is 146720517 a composite number?
True
Is 78239803 a prime number?
True
Is 300719 composite?
False
Is 2382977 a prime number?
True
Is 2740729 a prime number?
False
Is 42020113 a prime number?
False
Is 393330269 composite?
False
Is 958714 a composite number?
True
Is 17693 composite?
True
Is 146765041 composite?
True
Is 229138431 prime?
False
Is 37740371 a composite number?
False
Is 187800289 composite?
True
Is 30201709 prime?
True
Is 793105 prime?
False
Is 258075393 composite?
True
Is 45777529 a composite number?
True
Is 79687 a prime number?
True
Is 166280479 a composite number?
True
Is 15439393 composite?
True
Is 3462181 a composite number?
False
Is 141732287 a prime number?
False
Is 108755981 composite?
True
Is 545023 composite?
False
Is 17608407 a composite number?
True
Is 38974631 a composite number?
False
Is 20301181 prime?
True
Is 516535 composite?
True
Is 130975963 a prime number?
True
Is 1777523729 a prime number?
True
Is 766901 a prime number?
True
Is 587921309 prime?
True
Is 57652573 prime?
False
Is 259543387 prime?
False
Is 5083213 composite?
False
Is 10041397 a prime number?
False
Is 57371 composite?
True
Is 332725973 prime?
True
Is 55278589 composite?
False
Is 4223693 a prime number?
False
Is 2101881 a prime number?
False
Is 164153 a composite number?
True
Is 18834346 a composite number?
True
Is 19419397 a prime number?
False
Is 47564043 composite?
True
Is 15460003 prime?
False
Is 218182513 a composite number?
False
Is 5801863 a composite number?
False
Is 1799749 a prime number?
False
Is 239962117 a prime number?
True
Is 512501039 composite?
False
Is 555347 prime?
False
Is 5329240439 composite?
False
Is 427727 a composite number?
False
Is 81179327 prime?
False
Is 15709027 prime?
False
Is 142042493 composite?
True
Is 7937961 a composite number?
True
Is 97269401 composite?
True
Is 235991993 prime?
True
Is 24997127 prime?
True
Is 95603789 a prime number?
True
Is 308696077 a composite number?
True
Is 880483 composite?
False
Is 18058673 composite?
False
Is 119188331 prime?
True
Is 1776989 composite?
False
Is 22798835 a composite number?
True
Is 2408099 a composite number?
True
Is 25930159 a composite number?
False
Is 7333687 a prime number?
True
Is 569166711 composite?
True
Is 4751051 prime?
True
Is 51760451 a composite number?
False
Is 234127937 a prime number?
False
Is 1008583423 a composite number?
False
Is 30961667 a prime number?
False
Is 7283173 a prime number?
True
Is 580039535 a composite number?
True
Is 237346873 composite?
True
Is 3492913 composite?
True
Is 1763381 prime?
True
Is 11308007 a composite number?
False
Is 54949883 prime?
True
Is 32219203 prime?
False
Is 119179967 composite?
False
Is 81241177 prime?
True
Is 1731551 composite?
False
Is 7966411 composite?
True
Is 211807 a prime number?
False
Is 215884103 composite?
False
Is 1388381 prime?
True
Is 36373469 a composite number?
True
Is 7622339 prime?
True
Is 163518319 composite?
True
Is 461635471 composite?
True
Is 59487191 a prime number?
True
Is 5227 composite?
False
Is 8060147 prime?
True
Is 1312147 a composite number?
True
Is 13333217 composite?
False
Is 402771365 composite?
True
Is 8187173 composite?
True
Is 720468071 a composite number?
True
Is 3808241 composite?
False
Is 7894743 composite?
True
Is 1841647 composite?
True
Is 2550874 a composite number?
True
Is 972562 a prime number?
False
Is 1374383 a composite number?
True
Is 9394139 a composite number?
False
Is 21221621 a prime number?
True
Is 242081597 composite?
True
Is 18841821 composite?
True
Is 13096991 a prime number?
True
Is 1272913 prime?
True
Is 63408747 prime?
False
Is 84146533 a prime number?
False
Is 4313531 a composite number?
False
Is 120043841 prime?
True
Is 35325331 a prime number?
True
Is 2439137 a prime number?
True
Is 723761 composite?
False
Is 917729 composite?
False
Is 39408911 a composite number?
False
Is 54881621 prime?
True
Is 55149781 composite?
True
Is 1622941 composite?
True
Is 21172591 a composite number?
True
Is 7419097 a composite number?
True
Is 633153971 composite?
False
Is 9360577 a composite number?
False
Is 23052431 prime?
False
Is 125454695 a composite number?
True
Is 182941243 prime?
True
Is 16225019 a prime number?
False
Is 41414953 prime?
True
Is 53861753 a prime number?
False
Is 7561207 a composite number?
False
Is 43013779 a composite number?
True
Is 272710517 a composite number?
True
Is 1545571 a prime number?
False
Is 231572567 composite?
True
Is 115948867 a prime number?
True
Is 132230909 a prime number?
True
Is 140536633 a composite number?
True
Is 339049 a prime number?
True
Is 4042711 prime?
False
Is 137881 composite?
True
Is 53122591 a composite number?
True
Is 31547533 a prime number?
False
Is 11783833 a prime number?
True
Is 5471567 prime?
True
Is 8030053 prime?
True
Is 122663797 a prime number?
True
Is 6995899 a prime number?
True
Is 38042537 a composite number?
True
Is 573344723 a composite number?
True
Is 17974643 composite?
True
Is 294031202 a prime number?
False
Is 380142883 a prime number?
False
Is 22584539 a composite number?
True
Is 33233678 prime?
False
Is 1363357 a prime number?
False
Is 1973963 a prime number?
False
Is 123480023 a composite number?
False
Is 488779 a prime number?
True
Is 89166787 composite?
False
Is 25045379 prime?
True
Is 1508141 composite?
False
Is 19910141 a prime number?
True
Is 287163703 prime?
True
Is 1715033 prime?
True
Is 13214413 a prime number?
True
Is 63632693 composite?
False
Is 203697511 prime?
True
Is 12262351 composite?
False
Is 566413 a prime number?
True
Is 11084207 prime?
True
Is 51589654 a composite number?
True
Is 160074163 a composite number?
False
Is 256742285 a prime number?
False
Is 47198057 prime?
True
Is 383979007 a composite number?
True
Is 633133 a prime number?
True
Is 30099313 prime?
False
Is 2720981 a prime number?
True
Is 28169 a prime number?
False
Is 35410211 a composite number?
False
Is 5820991 a prime number?
False
Is 20363461 a composite number?
False
Is 20284057 a composite number?
True
Is 20706431 composite?
False
Is 764551 a composite number?
False
Is 6787393 prime?
True
Is 523949 composite?
False
Is 2578501 composite?
True
Is 5795871 prime?
False
Is 8241257 prime?
False
Is 28995869 composite?
True
Is 4095797 a composite number?
False
Is 306233363 prime?
True
Is 5315257 prime?
False
Is 34633513 composite?
False
Is 1158697 a prime number?
False
Is 15290567 prime?
False
Is 743905 a prime number?
False
Is 249627277 prime?
True
Is 17239263 prime?
False
Is 145349 